What is 96a3 (base 12) in base 6?
204323
107510 (base 8) to base 2
1000111101001000
Convert -619 (base 15) to base 12.
-966
What is -3910 (base 15) in base 11?
-915a
Convert 1858 (base 11) to base 10.
2362
Convert -28a6 (base 13) to base 9.
-8055
What is -11c2 (base 14) in base 5?
-44420
Convert -449d (base 14) to base 15.
-37d4
-45162 (base 7) to base 12
-6730
Convert -4013 (base 8) to base 16.
-80b
120505 (base 6) to base 15
31d8
Convert 52f (base 16) to base 2.
10100101111
-2995 (base 14) to base 13
-348c
8487 (base 9) to base 15
1caa
What is -31502 (base 11) in base 15?
-d8c6
What is -93a (base 12) in base 7?
-3625
-8b8 (base 12) to base 7
-3524
Convert -3b8 (base 12) to base 5.
-4242
What is 5034 (base 6) in base 9?
1454
What is 2c0 (base 14) in base 6?
2332
What is -909 (base 12) in base 9?
-1710
Convert 100020110 (base 3) to base 5.
203420
What is -130 (base 16) in base 2?
-100110000
76 (base 8) to base 14
46
What is 20040 (base 5) in base 6?
5514
What is -1682 (base 15) in base 9?
-6575
What is -1408 (base 11) in base 13?
-aa3
What is 2202203 (base 4) in base 13?
4973
2730 (base 9) to base 13
c1b
Convert 41c (base 13) to base 11.
588
What is -7046 (base 8) in base 7?
-13363
Convert -31151 (base 7) to base 8.
-16717
Convert 10641 (base 7) to base 10.
2724
-16153 (base 7) to base 15
-1531
-1011 (base 8) to base 14
-293
Convert 473 (base 12) to base 2.
1010010111
What is -145521 (base 6) in base 16?
-3799
What is -d8 (base 14) in base 9?
-231
What is -4223 (base 8) in base 3?
-10000022
Convert -142827 (base 9) to base 2.
-10101010110000000
-110010000 (base 2) to base 13
-24a
123203 (base 4) to base 2
11011100011
-644 (base 8) to base 12
-2b0
Convert 33405 (base 6) to base 11.
357a
What is 604 (base 7) in base 5?
2143
Convert 20011 (base 4) to base 14.
28d
1222141 (base 5) to base 11
16662
Convert 3376 (base 14) to base 15.
299e
15442 (base 7) to base 4
1003312
What is 1820 (base 12) in base 2?
101101011000
Convert -44251 (base 6) to base 10.
-6151
What is 128 (base 14) in base 8?
350
-228 (base 16) to base 9
-673
20100021 (base 4) to base 16
8409
-29502 (base 12) to base 3
-2221012202
What is 2a6ba (base 12) in base 10?
59758
266 (base 14) to base 5
3412
Convert -528c (base 16) to base 9.
-31880
What is -9086 (base 13) in base 3?
-1000021102
What is -18d02 (base 14) in base 3?
-10012022022
Convert 110111110011 (base 2) to base 3.
11220021
-67244 (base 8) to base 3
-1102212001
-322120 (base 4) to base 13
-1915
Convert -1047 (base 9) to base 3.
-1001121
Convert -1766 (base 8) to base 15.
-479
What is 754 (base 8) in base 7?
1302
Convert 1459a (base 11) to base 8.
50307
What is -10212102 (base 3) in base 6?
-21015
4636 (base 7) to base 6
11501
1441 (base 5) to base 10
246
-122221 (base 3) to base 6
-2124
-322 (base 5) to base 3
-10020
Convert 1320 (base 5) to base 15.
e0
What is 313102 (base 4) in base 14?
140a
-13461 (base 10) to base 5
-412321
135040 (base 7) to base 8
62231
3056 (base 8) to base 13
949
Convert -91 (base 15) to base 13.
-a6
Convert -33a (base 11) to base 14.
-210
What is 1330 (base 6) in base 4?
11112
What is -20313300 (base 4) in base 15?
-ab76
Convert -122232 (base 4) to base 13.
-a17
-1ff (base 16) to base 11
-425
Convert -425 (base 8) to base 7.
-544
What is 28 (base 15) in base 8?
46
Convert 12100212 (base 3) to base 6.
30035
What is -11111110001 (base 2) in base 3?
-2210022
-45025 (base 6) to base 9
-8548
What is -11002 (base 4) in base 6?
-1254
Convert 4330 (base 7) to base 10.
1540
What is 115 (base 9) in base 3?
10112
What is 122241 (base 8) in base 5?
2322040
What is 184 (base 11) in base 6?
553
What is 2623 (base 12) in base 15?
144c
Convert -b65 (base 15) to base 8.
-5012
Convert 7663 (base 13) to base 15.
4d34
3541 (base 8) to base 9
2528
-33033 (base 4) to base 14
-4d9
1255 (base 7) to base 8
741
-44b6 (base 13) to base 8
-22615
What is 53 (base 8) in base 9?
47
Convert -344 (base 8) to base 7.
-444
What is -10222304 (base 5) in base 11?
-59640
Convert 11100011111111 (base 2) to base 10.
14591
-d76 (base 14) to base 6
-20140
442433 (base 5) to base 12
8a88
234 (base 6) to base 4
1132
What is -20212 (base 5) in base 13?
-797
-464 (base 10) to base 3
-122012
What is 13833 (base 14) in base 7?
260463
6a4d (base 15) to base 12
11091
Convert b67c (base 16) to base 14.
1304c
Convert 6a3a (base 15) to base 12.
11077
What is 940 (base 13) in base 15?
6ed
235b (base 16) to base 12
52a3
What is -121222 (base 3) in base 12?
-322
Convert 111212 (base 7) to base 3.
222222002
Convert -424 (base 6) to base 2.
-10100000
Convert -61752 (base 8) to base 11.
-18243
-192 (base 12) to base 4
-3332
6b2 (base 13) to base 11
964
13707 (base 8) to base 11
4634
825 (base 10) to base 11
690
Convert 188 (base 14) to base 13.
1b4
-2000 (base 4) to base 3
-11202
What is -3030 (base 4) in base 6?
-540
2420 (base 5) to base 6
1400
Convert 475 (base 8) to base 13.
1b5
-3c5 (base 13) to base 6
-3032
df0 (base 16) to base 11
2754
b (base 16) to base 3
102
Convert -314 (base 7) to base 14.
-b4
Convert -4066 (base 7) to base 13.
-853
-1100011110001101 (base 2) to base 3
-2121002001
What is -13790 (base 10) in base 7?
-55130
What is -1333313 (base 4) in base 10?
-8183
What is -24b (base 12) in base 5?
-2342
What is -4342 (base 7) in base 8?
-3015
What is -585 (base 9) in base 15?
-222
2728 (base 16) to base 4
2130220
What is -219d (base 16) in base 2?
-10000110011101
Convert 8cd5 (base 14) to base 13.
b1bc
What is -1220121101 (base 3) in base 8?
-111365
Convert -3475 (base 8) to base 5.
-24403
What is 3054 (base 6) in base 7?
1663
Convert 20525 (base 8) to base 11.
6458
What is -94 (base 10) in base 6?
-234
16 (base 13) to base 2
10011
Convert 1114 (base 9) to base 4.
30313
Convert -17b0 (base 13) to base 9.
-4744
What is 1261 (base 10) in base 6?
5501
What is -1001100 (base 2) in base 11?
-6a
What is 9019 (base 14) in base 8?
60217
What is -76 (base 16) in base 15?
-7d
Convert 101011011100010 (base 2) to base 5.
1202432
Convert -34414 (base 5) to base 2.
-100110110100
What is -274 (base 9) in base 10?
-229
Convert 2201 (base 5) to base 10.
301
What is 16457 (base 8) in base 11?
5682
Convert -29192 (base 13) to base 16.
-12d7f
What is -11010010111110 (base 2) in base 7?
-54236
-13011003 (base 4) to base 12
-14943
-668 (base 12) to base 6
-4212
What is -5a (base 13) in base 12?
-63
-346 (base 13) to base 8
-1065
What is 1001010110100 (base 2) in base 15?
1643
-1041 (base 9) to base 12
-53a
Convert -2a4 (base 14) to base 5.
-4121
Convert -675 (base 8) to base 3.
-121111
-12033001 (base 4) to base 2
-110001111000001
-313 (base 11) to base 12
-275
What is 25 (base 9) in base 3?
212
What is 102222 (base 3) in base 14?
191
What is -1350 (base 6) in base 14?
-1b4
Convert -102134 (base 5) to base 4.
-311123
What is 2231032 (base 4) in base 8?
25516
Convert -22102000 (base 3) to base 12.
-3669
Convert 1600 (base 10) to base 8.
3100
1000220020 (base 3) to base 8
47561
What is -6345 (base 10) in base 6?
-45213
Convert -11072 (base 8) to base 14.
-19b4
Convert -283 (base 13) to base 9.
-544
Convert c70a (base 15) to base 6.
522501
What is -3ca (base 13) in base 9?
-827
Convert 2484 (base 9) to base 2.
11101000010
What is 2343 (base 5) in base 12?
250
What is 120002 (base 4) in base 8?
3002
Convert 6b (base 12) to base 7.
146
-334a4 (base 12) to base 10
-68092
1255 (base 8) to base 15
30a
What is 301022 (base 4) in base 3?
11022112
What is 5da8 (base 16) in base 11?
17017
8862 (base 10) to base 16
229e
-322124 (base 5) to base 4
-2222202
What is 8673 (base 13) in base 12?
a990
Convert -554 (base 10) to base 11.
-464
Convert -5440 (base 9) to base 3.
-12111100
Convert -263 (base 15) to base 3.
-202010
-74b (base 14) to base 11
-1099
What is 345 (base 8) in base 4?
3211
Convert -48315 (base 9) to base 15.
-98a8
Convert 2672 (base 14) to base 2.
1101001101100
Convert 1ca (base 13) to base 7.
656
What is 1222 (base 13) in base 6?
15511
Convert -17c (base 16) to base 4.
-11330
What is -1032302 (base 5) in base 4?
-10112203
-33551 (base 7) to base 11
-643a
What is 9827 (base 16) in base 13?
14963
What is -1411 (base 5) in base 2?
-11100111
598 (base 11) to base 15
327
1356d (base 14) to base 11
32947
26 (base 12) to base 9
33
What is -471 (base 8) in base 4?
-